7*p - 3695. Is d(-38) composite?
True
Is (37377/(-4))/(6/4)*(-268)/6 a composite number?
True
Suppose 4*z + 32 - 44 = 0. Suppose 4*n - 5*t - 18307 = 0, 22930 = -z*n + 8*n + 3*t. Is n a prime number?
True
Suppose -2*b - x - 5 = -7*b, 0 = 2*x - 10. Let d be (-80)/(-7) - b - (-52)/91. Suppose -f + 217 = 4*v + 78, 0 = -2*v + d. Is f a prime number?
False
Let v(i) be the third derivative of 59*i**5/20 + 11*i**4/24 + 5*i**3/2 + 2*i**2. Is v(-2) composite?
False
Let j = 278039 + -168400. Is j a composite number?
False
Suppose -11*s + 291815 + 1069842 = 0. Is s a prime number?
True
Let g(n) = n**3 + 20*n**2 - 17*n + 81. Let i be g(-21). Is (2 + 1 - i) + (-461601)/(-9) prime?
False
Let z = -3530 - -6886. Let j be (-4 + 1)*1/(-1). Suppose j*p + p = z. Is p prime?
True
Let v = 329 + 6533. Suppose 0 = -2*f - 2*u - v, f + 913 = -2*u - 2516. Let s = 5654 + f. Is s composite?
False
Suppose 3*d - 363093 = 3*x, 50*x - 242070 = -2*d + 51*x. Is d a prime number?
True
Suppose -530*t - 6069771 = -539*t. Is t prime?
True
Let z(b) = 31514*b**2 - 152*b - 307. Is z(-2) a prime number?
False
Suppose 2*g = -9*x + 4*x + 20, g + 4*x = 16. Is 10666 + (-2)/(14/(-35) + g) prime?
False
Let r = 17414 + -26686. Let t = -2469 - r. Is t a prime number?
True
Suppose 5*c - 8*v + 4*v = 605349, 5*v = -3*c + 363239. Is c a prime number?
False
Let u(o) = -2*o - 12. Let h be u(-8). Suppose -5*n - 55873 = -h*y, 0*y - 3*n - 55879 = -4*y. Suppose f - y = -3*f. Is f prime?
False
Let u be 1 + 3 + 0 + (-78)/(-3). Suppose -10*r + u*r - 234760 = 0. Is r a prime number?
False
Let o(g) = g**3 - 12*g**2 + 7*g + 37. Let z(p) = -2*p**2 + 29*p + 35. Let s be z(15). Is o(s) prime?
False
Let a(b) = -b - 5. Let s be a(-3). Let f be (s/3)/((-15)/29880). Suppose 2*i - 9422 - f = -4*g, 0 = 4*i + 4*g - 21516. Is i composite?
True
Let f = -49 + 45. Is (-1)/((-5)/(-198020)*f) prime?
True
Suppose 0 = 2*g + 9 - 21. Let u = g + -8. Is (-2205)/(-4) - (u + -1)/(-12) composite?
True
Let i be (-2)/(-4)*(-2800)/(-56). Is (-205)/i + 8 + 10038/15 composite?
True
Suppose 12*r = -2*r + 28. Suppose -2*p + 14 = 5*g, 3 = r*g - p + 1. Suppose 4320 = g*c + 4*d + 714, 2*d = -4*c + 7200. Is c prime?
False
Let r(h) be the second derivative of -3935*h**3/6 + 33*h**2/2 - 3*h + 10. Is r(-2) prime?
False
Is (-2)/(-10)*(83562905/(-17))/(-17) a composite number?
False
Let q = -3 - -7. Let i(k) = -8*k**3 + 4*k + 0 + 2 + 47*k**3 - 5*k**2 + 1 + 2. Is i(q) a prime number?
True
Let s(p) = p**2 + 8*p - 15. Let w be s(-10). Suppose -6*z + 9*z - 6 = 0. Suppose -z*g + 4*n = 3*g - 7211, -5*n = -w*g + 7215. Is g a composite number?
False
Let r(v) = 10*v - 5. Suppose p - 8*p = -7. Let c be r(p). Is 958/2 + -6 + c a prime number?
False
Suppose -7*s + 77 = 35. Suppose -2*c = -g + 30769, 0 = 3*g + 3*c - s*c - 92304. Is g composite?
True
Let t be (-121341)/55 - (-1)/5. Let f = t + 31821. Suppose 0 = -12*u + f + 6181. Is u a prime number?
False
Let y = -1391015 + 2408938. Is y a prime number?
True
Suppose -5*t + 9015 = 4*z - 3212, z - 3062 = -3*t. Let y = z - 1684. Let v = 2436 - y. Is v composite?
True
Suppose -265970 + 2097550 = 68*n. Is n a composite number?
True
Suppose 4*j = -191*l + 189*l + 184560, l = -4*j + 184564. Is j a prime number?
False
Suppose 32 = 4*v - 8. Let n be (-12084)/24*1/((-1)/v). Let w = 11166 - n. Is w a prime number?
True
Suppose 3*a - 8*a - 4*c = -18073, -3*c - 18094 = -5*a. Let l = a - -22. Is l a composite number?
True
Is (-2)/(-3 - -7)*6*(-7382)/2 prime?
False
Suppose -3*o = 5*y - 48823, 2*y - 11*o + 13*o = 19526. Is y a prime number?
True
Let b(d) = -d**3 + 0*d + 11*d + 10 - 8*d + 5*d**2 + 7. Let a be b(5). Suppose -29*q = -a*q + 993. Is q a composite number?
False
Suppose -10220657 = -639*l + 566*l. Is l a composite number?
False
Let q(l) = 5*l**3 - 6*l**2 + l + 13. Let k(x) = 9*x - 49. Let m be k(6). Is q(m) a composite number?
True
Let l = 29782 + 1453. Is l prime?
False
Suppose 2*d - 3 - 1 = 0. Suppose -10*b + 13*b = o + 738, 2*b = -5*o + 509. Suppose -d*c = -4*r + 1802, -r - c + b = -205. Is r prime?
False
Suppose 24 + 211 = 5*v. Suppose v*w = 38*w + 16659. Is w a prime number?
False
Suppose 5*g = -4*t + 384, 2*t - 316 = -4*g + t. Suppose g = 5*s + 5*l, -3*s + 5*s = -4*l + 24. Let k = 31 - s. Is k composite?
False
Suppose 4*m + 480 + 40 = -5*h, -5*m - h = 650. Let v = m + 341. Is v a composite number?
False
Let p(d) = 11*d**2 - 41*d - 89. Let r = 167 - 196. Is p(r) a prime number?
False
Let z(o) = 26125*o - 851. Is z(8) prime?
False
Suppose -5*l - 2*w + 23571 = -3*w, 20 = 5*w. Is (l/(-2) - -6)/(2/(-4)) prime?
True
Suppose -2*b + 14302 = -2*i, -42*b + i + 35755 = -37*b. Is b a composite number?
False
Let z be 196/(3 - 1) - 6. Is 3143/4 + 1 - (-23)/z composite?
False
Let j be (-5)/(-10)*4*(0 + 2). Suppose j*m = m + 7377. Is m composite?
False
Suppose 29*g - 3187790 - 1144607 = 0. Is g prime?
True
Let j(f) = -5444*f + 163. Is j(-3) a prime number?
False
Let f = 10631 - 3157. Suppose 0 = -17*m + f + 1009. Is m prime?
True
Let z be ((-73830)/25)/(((-16)/20)/4). Is z/14 - (-4)/14 composite?
True
Let s = 290 + -296. Is 44159 - (s/(3 + -4) - 2) composite?
True
Suppose 23*v = 44*v - 304353. Is v composite?
True
Let p(v) = 22374*v - 9791. Is p(16) a prime number?
False
Let t(y) = 18*y + 74. Let u be t(-4). Suppose 0 = -4*g - 2*s + 11998, 0 = -g - u*s + 6*s + 2986. Is g a composite number?
True
Let f(t) = -610*t + 1073. Is f(-27) a composite number?
True
Let a be 140998/14 - (0 + 10/35). Is a/12 - 7/(-196)*-7 a composite number?
False
Suppose 8*x = 12*x - 78640. Let w = -11051 + x. Is w a prime number?
True
Suppose 4481 + 4663 = -2*n. Let d = 599 + n. Let u = d + 5810. Is u a composite number?
True
Is (-11502113)/(-91) + -14*7/(-637) prime?
True
Is (-1 - 6/(-5))/((-1651929888)/(-50058480) - 33) composite?
False
Let c(a) = a**2 + 17*a + 20. Let j be (-4 + 6)*1/1. Let h be (-21)/j*(32/3)/(-8). Is c(h) prime?
False
Let x = 94 + -92. Suppose -x*y + 4736 + 14850 = 0. Is y prime?
False
Is 7 - (-202857 + -9 + 14) a composite number?
False
Let v = 80075 + 7008. Is v a composite number?
False
Suppose 2*h - j - 11963 = 0, -3*h + 5*j + 6112 = -11822. Suppose 17675 + h = 6*n. Is n composite?
False
Suppose -3*q + 11*q = 7*q. Suppose z + 5*z = -q*z. Suppose 6*p - 1470 - 264 = z. Is p a prime number?
False
Let t = 173086 - 64053. Is t composite?
True
Suppose 5*n = 4*f - 165752, 3*f - 207223 = -2*f - 2*n. Is f a composite number?
False
Suppose -2*q + 121468 = 2*g, -2*q = -7*g + 5*g - 121488. Is q a composite number?
True
Let q(n) = 15. Let x(h) = -h + 46. Let o(b) = -7*q(b) + 2*x(b). Let z be o(-2). Let k(m) = 20*m**2 - m + 20. Is k(z) a composite number?
True
Let y(b) = -1460*b - 31. Let r be y(-3). Is (8/(-32))/(r/(-4348) - -1) prime?
True
Suppose 4*a = 8*a + 48. Is 34494/24 - (-3)/a prime?
False
Let n(f) = 2*f**2 + 45*f + 20. Let l be n(-22). Is (5 - 7119/(-3))/((-4)/l) composite?
True
Suppose 54*w - 55*w = -5*m - 2, 0 = -m - w - 4. Suppose -2980 = -k + 6*k. Is ((m - -4) + 15/(-4))*k a composite number?
True
Suppose -537327 = -5*f - 68852. Suppose -f - 28450 = -15*u. Is u prime?
False
Let t(b) = 16064*b - 4001. Is t(8) composite?
True
Let n(f) be the first derivative of 2902*f**3/3 - 3*f**2/2 - 3*f + 88. Is n(-2) a composite number?
True
Suppose -5*a + 16 = -3*y - 0*a, y + a = 8. Suppose 3*n = -3, 6 = 2*p - y*n + 1. Is (((-5)/(-20))/((-2)/(-12088)))/p composite?
False
Suppose -5*f + 13*f = 1066832. Suppose f = -39*h + 65*h. Is h a composite number?
True
Suppose 4*b = 5*j - 953923, -j - 2*b - 14674 = -205467. Is j composite?
False
Let r = 1455232 + -803903. Is r composite?
True
Suppose 482*u - 2143094 = 436*u. Is u a composite number?
False
Suppose 0 = -2*y - 5*v - 4311, -4*v + 3*v = y + 2163. Is ((-2)/2)/(4/y) a prime number?
False
Let x(f) = -91 + 27*f + 11*f**2 + 79 - 5*f. Is x(11) prime?
False
Suppose u - 2*i = 10, 29 = -u + 3*u + 5*i. Suppose -21*g + u = -17*g. Suppose -g*w - 3241 = -3*t + 2*w, 4*w = 16. Is t composite?
False
Suppose 154*y - 188118 - 623308 = 0. Is y composite?
True
Let p(u) = -2*u**3 - 13*u**2 + u + 11. Let w(x) = -4*x**2 + 2*x + 2. Suppose -2*q + 11 = 7. Let b be w(q). Is p(b) prime?
True
Let d be 414/108 + 2/12. Let s(v) = 3*v**3 - 4*v**2 - 3*v - 4. Let c be s(d). Let n = 97 + c. Is n composite?
True
Is (-220)/